t 2051 (base 6) to base 5.
3323
What is 1122 (base 6) in base 4?
10022
Convert -23566 (base 7) to base 3.
-22101211
451 (base 8) to base 2
100101001
What is 42333 (base 8) in base 2?
100010011011011
-237 (base 11) to base 8
-432
Convert 1780c (base 13) to base 10.
45304
What is -6526 (base 8) in base 5?
-102124
-873 (base 11) to base 13
-628
What is -a33 (base 14) in base 13?
-bb3
1c7 (base 13) to base 14
19a
Convert 13215 (base 8) to base 9.
7824
-34a0 (base 12) to base 2
-1011011111000
What is -25 (base 11) in base 8?
-33
What is 2ab (base 15) in base 3?
211122
5b28 (base 13) to base 11
9748
What is 3ac2 (base 15) in base 4?
3010031
Convert 47 (base 16) to base 6.
155
Convert 4d2 (base 15) to base 13.
665
What is 2236 (base 7) in base 4?
30223
What is -29a07 (base 11) in base 3?
-2011021021
What is 41131 (base 10) in base 8?
120253
Convert 15361 (base 7) to base 9.
5814
Convert -1162 (base 9) to base 2.
-1101100010
-4065 (base 7) to base 4
-112023
Convert -10222112 (base 3) to base 15.
-cd8
What is 6b0 (base 13) in base 2?
10010000101
What is -1026 (base 7) in base 13?
-21c
-2362 (base 8) to base 6
-5510
-833 (base 14) to base 12
-b25
What is -b7c (base 14) in base 16?
-8da
What is -220450 (base 8) in base 12?
-36a08
Convert -7334 (base 9) to base 11.
-4049
-11320 (base 5) to base 13
-4c3
Convert -231431 (base 5) to base 15.
-272b
Convert -cd8 (base 15) to base 2.
-101101010111
What is 18a (base 11) in base 8?
333
Convert 1312 (base 7) to base 10.
499
12535 (base 7) to base 11
2583
134b (base 14) to base 3
11122220
What is -25520 (base 7) in base 13?
-3113
What is 1223 (base 8) in base 10?
659
Convert -9134 (base 11) to base 7.
-50246
-22201011 (base 3) to base 7
-24340
What is 3b36 (base 12) in base 10?
6810
Convert -2983 (base 12) to base 10.
-4851
Convert a94 (base 14) to base 4.
200222
What is 1342 (base 6) in base 9?
428
-45a2 (base 12) to base 2
-1111001001010
What is 1a211 (base 12) in base 3?
1221120011
What is 703 (base 16) in base 10?
1795
231 (base 9) to base 2
10111110
3631 (base 7) to base 8
2501
What is 61615 (base 8) in base 14?
9405
-3311441 (base 5) to base 2
-1101111100100001
Convert -b86 (base 13) to base 7.
-5512
Convert 12988 (base 10) to base 7.
52603
What is -29 (base 13) in base 12?
-2b
Convert 39994 (base 10) to base 6.
505054
10111110011 (base 2) to base 5
22043
43161 (base 8) to base 5
1034113
Convert -7c45 (base 13) to base 15.
-5294
What is 4046 (base 13) in base 11?
6712
-6334 (base 10) to base 5
-200314
-1595 (base 10) to base 8
-3073
-2768 (base 9) to base 8
-4047
Convert -201300 (base 6) to base 5.
-1002001
What is 202011111 (base 3) in base 13?
68cb
-12201111 (base 3) to base 8
-10113
What is -134411 (base 6) in base 16?
-3187
What is -1121020 (base 3) in base 10?
-1167
What is 10000010011 (base 2) in base 5?
13133
What is 2b92 (base 12) in base 13?
2462
What is -2342 (base 5) in base 14?
-1ab
What is -b46f (base 16) in base 3?
-2100100210
Convert -6d8a (base 16) to base 8.
-66612
-1542 (base 6) to base 12
-2b2
1388 (base 10) to base 7
4022
-1421 (base 7) to base 6
-2322
What is -2002 (base 6) in base 16?
-1b2
Convert 401 (base 14) to base 3.
1002002
24423 (base 10) to base 2
101111101100111
What is 604 (base 13) in base 8?
1772
-996 (base 11) to base 5
-14234
What is -3114 (base 6) in base 14?
-378
What is 1451 (base 9) in base 15?
4d4
Convert -101010001010 (base 2) to base 5.
-41243
Convert -12300 (base 4) to base 2.
-110110000
2b1 (base 12) to base 16
1a5
What is 355 (base 16) in base 12?
5b1
What is -1033 (base 5) in base 14?
-a3
Convert 41523 (base 6) to base 10.
5595
30a (base 16) to base 10
778
c7a9 (base 15) to base 13
162ba
What is 185 (base 9) in base 6?
422
1201 (base 5) to base 9
215
What is -12223000 (base 4) in base 9?
-41434
Convert -234 (base 9) to base 12.
-141
1430 (base 7) to base 4
20300
-35633 (base 8) to base 16
-3b9b
Convert -48a9 (base 14) to base 10.
-12693
Convert -6465 (base 8) to base 10.
-3381
96a (base 14) to base 4
131002
-223213 (base 4) to base 9
-3741
Convert -5941 (base 13) to base 10.
-12559
Convert -22024 (base 5) to base 2.
-10111101010
What is -12451 (base 6) in base 12?
-1127
Convert 233 (base 8) to base 15.
a5
-33307 (base 8) to base 13
-64c9
-144352 (base 6) to base 11
-a545
Convert 3b23 (base 12) to base 6.
51243
What is 5a3 (base 15) in base 3?
1202100
What is b49 (base 16) in base 4?
231021
What is -12240 (base 5) in base 4?
-32301
Convert -202102010 (base 3) to base 15.
-4620
What is 2577 (base 11) in base 15?
ed6
Convert -245 (base 13) to base 9.
-478
Convert cf0 (base 16) to base 2.
110011110000
-5726 (base 10) to base 5
-140401
What is 34a8 (base 12) in base 14?
2208
100110010000101 (base 2) to base 14
71d3
What is 1863 (base 16) in base 6?
44523
-2126 (base 9) to base 6
-11123
e60 (base 15) to base 4
302220
What is -1 (base 14) in base 15?
-1
Convert 831 (base 14) to base 3.
2012200
-12420 (base 5) to base 4
-33121
Convert -225d (base 16) to base 12.
-5111
78 (base 12) to base 11
84
-28 (base 15) to base 9
-42
Convert -4104 (base 5) to base 14.
-29b
Convert -1013 (base 10) to base 16.
-3f5
-4429 (base 12) to base 14
-2a53
What is 2915 (base 12) in base 4?
1022201
What is -196 (base 11) in base 16?
-e2
What is -2802 (base 10) in base 7?
-11112
What is 1103202 (base 4) in base 16?
14e2
What is -13350 (base 8) in base 12?
-3488
508 (base 9) to base 7
1130
Convert -248 (base 12) to base 7.
-1001
Convert 455 (base 13) to base 15.
34b
956a (base 15) to base 7
161062
What is -62272 (base 8) in base 7?
-135115
Convert 19a (base 15) to base 13.
226
75700 (base 8) to base 16
7bc0
Convert -115554 (base 6) to base 2.
-10100001111110
Convert -130 (base 6) to base 8.
-66
Convert 441a (base 13) to base 16.
250f
26223 (base 7) to base 13
3237
What is -120102 (base 3) in base 16?
-1a0
What is -334432 (base 5) in base 8?
-27133
Convert 55a (base 12) to base 16.
316
121220 (base 3) to base 11
385
-1142 (base 5) to base 3
-20101
Convert 1100110010000110 (base 2) to base 11.
36379
What is 290 (base 13) in base 6?
2035
Convert 31515 (base 7) to base 2.
1111001111011
What is -2201221 (base 3) in base 13?
-ba7
11100332 (base 4) to base 6
243502
Convert 121313 (base 4) to base 9.
2238
What is 31000 (base 4) in base 2?
1101000000
21102 (base 5) to base 15
637
Convert 13d1 (base 16) to base 11.
38a2
What is -1211021 (base 3) in base 13?
-7b4
5a9 (base 13) to base 8
1730
Convert -1021010220 (base 3) to base 6.
-311123
-581 (base 9) to base 16
-1de
What is -5063 (base 12) in base 5?
-234330
-dc (base 14) to base 16
-c2
What is -1100101110 (base 2) in base 8?
-1456
Convert -243042 (base 5) to base 12.
-5363
Convert -3202 (base 6) to base 4.
-23102
Convert 6812 (base 9) to base 4.
1032221
-3688 (base 10) to base 15
-115d
-22330 (base 5) to base 11
-1216
Convert -68464 (base 10) to base 4.
-100231300
Convert 61a (base 16) to base 14.
7d8
-202221122 (base 3) to base 10
-15272
Convert 13222 (base 4) to base 2.
111101010
What is -293 (base 16) in base 10?
-659
Convert -2653 (base 7) to base 12.
-70a
Convert -1000110110110011 (base 2) to base 8.
-106663
Convert 232313 (base 4) to base 14.
1143
What is -31274 (base 8) in base 16?
-32bc
What is -10512 (base 16) in base 13?
-24561
17541 (base 8) to base 16
1f61
Convert 10100111001011 (base 2) to base 15.
3284
Convert -30220 (base 5) to base 3.
-2122200
What is 881 (base 13) in base 9?
1888
Convert 15453 (base 6) to base 13.
1215
Convert 100100100111 (base 2) to base 10.
2343
What is 2403 (base 5) in base 11?
2a1
What is 487 (base 15) in base 7?
2665
Convert 2045 (base 13) to base 12.
26ab
-a15 (base 11) to base 8
-2312
3033334 (base 5) to base 7
263332
34716 (base 9) to base 8
55215
Convert -207 (base 13) to base 12.
-249
-4a7 (base 15) to base 11
-881
Convert 1010100111 (base 2) to base 11.
568
-1343440 (base 5) to base 2
-110110101011011
Convert 6d8 (base 14) to base 8.
2526
-2201 (base 8) to base 10
-1153
33774 (base 10) to base 2
1000001111101110
-46f (base 16) to base 11
-942
Convert 445211 (base 6) to base 14.
d90b
-211221000 (base 3) to base 5
-1013323
What is c0c (base 14) in base 2?
100100111100
What is -2035 (base 6) in base 11?
-384
-240123 (base 5) to base 3
-110001111
What is 11111110101 (base 2) in base 14?
a57
What is -b3 (base